{"id":672,"date":"2019-05-16T22:31:26","date_gmt":"2019-05-16T22:31:26","guid":{"rendered":"https:\/\/www.isfdaycare.org\/job-opportunities\/"},"modified":"2020-10-27T10:14:52","modified_gmt":"2020-10-27T10:14:52","slug":"offres-demploi","status":"publish","type":"page","link":"https:\/\/www.isfdaycare.org\/fr\/offres-demploi\/","title":{"rendered":"Offres d\u2019emploi"},"content":{"rendered":"<p>[vc_row][vc_column][vc_column_text]<\/p>\r\n<h4 class=\"wp-block-heading\"><span style=\"font-weight: 400;\">ISF International Crech\u00e8 recrute \u00e0 Waterloo et \u00e0 Tervuren<\/span><\/h4>\r\n<p><b>Waterloo:<\/b><\/p>\r\n<ul>\r\n<li style=\"font-weight: 400;\"><span style=\"font-weight: 400;\">Personnel de garderie rempla\u00e7ant suppl\u00e9mentaire<\/span><\/li>\r\n<\/ul>\r\n<p><b>Tervuren:<\/b><\/p>\r\n<ul>\r\n<li style=\"font-weight: 400;\"><span style=\"font-weight: 400;\">Personnel de garderie \u00e0 temps partiel et \u00e0 temps plein et personnel de remplacement suppl\u00e9mentaire<\/span><\/li>\r\n<\/ul>\r\n<p><span style=\"font-weight: 400;\">ISF Crech\u00e8 est un environnement multilingue, l\u2019anglais est la langue principale, le niveau B2 est requis, le fran\u00e7ais est un avantage. Exp\u00e9rience privil\u00e9gi\u00e9e et r\u00e9f\u00e9rences indispensables.<\/span><\/p>\r\n<p><span style=\"font-weight: 400;\">Si vous \u00eates int\u00e9ress\u00e9, veuillez envoyer votre CV et votre lettre de motivation \u00e0 l\u2019adresse suivante:<\/span><\/p>\r\n<p><b>ISF Waterloo: \u00a0<a href=\"mailto:ISFWaterloo@isfdaycare.org\">ISFWaterloo@isfdaycare.org<\/a><\/b><\/p>\r\n<p><b>ISF Tervuren: <a href=\"mailto:s.szonyi@isfdaycare.org\" target=\"_blank\" rel=\"noopener noreferrer\">s.szonyi@isfdaycare.org<\/a><\/b><\/p>\r\n<p>[\/vc_column_text][\/vc_column][\/vc_row]<\/p>\r\n","protected":false},"excerpt":{"rendered":"<p>[vc_row][vc_column][vc_column_text] ISF International Crech\u00e8 recrute \u00e0 Waterloo et \u00e0 Tervuren Waterloo: Personnel de garderie rempla\u00e7ant suppl\u00e9mentaire Tervuren: Personnel de garderie&#8230;<\/p>\n","protected":false},"author":1,"featured_media":0,"parent":0,"menu_order":0,"comment_status":"closed","ping_status":"closed","template":"","meta":{"footnotes":""},"class_list":["post-672","page","type-page","status-publish","hentry"],"yoast_head":"<!-- This site is optimized with the Yoast SEO plugin v26.5 - https:\/\/yoast.com\/wordpress\/plugins\/seo\/ -->\n<title>Offres d\u2019emploi - ISF International CR\u00c8CHE<\/title>\n<meta name=\"robots\" content=\"index, follow, max-snippet:-1, max-image-preview:large, max-video-preview:-1\" \/>\n<link rel=\"canonical\" href=\"https:\/\/www.isfdaycare.org\/fr\/offres-demploi\/\" \/>\n<meta property=\"og:locale\" content=\"fr_FR\" \/>\n<meta property=\"og:type\" content=\"article\" \/>\n<meta property=\"og:title\" content=\"Offres d\u2019emploi - ISF International CR\u00c8CHE\" \/>\n<meta property=\"og:description\" content=\"[vc_row][vc_column][vc_column_text] ISF International Crech\u00e8 recrute \u00e0 Waterloo et \u00e0 Tervuren Waterloo: Personnel de garderie rempla\u00e7ant suppl\u00e9mentaire Tervuren: Personnel de garderie...\" \/>\n<meta property=\"og:url\" content=\"https:\/\/www.isfdaycare.org\/fr\/offres-demploi\/\" \/>\n<meta property=\"og:site_name\" content=\"ISF International CR\u00c8CHE\" \/>\n<meta property=\"article:publisher\" content=\"https:\/\/www.facebook.com\/isfinternationaldaycare\/\" \/>\n<meta property=\"article:modified_time\" content=\"2020-10-27T10:14:52+00:00\" \/>\n<meta name=\"twitter:card\" content=\"summary_large_image\" \/>\n<meta name=\"twitter:label1\" content=\"Dur\u00e9e de lecture estim\u00e9e\" \/>\n\t<meta name=\"twitter:data1\" content=\"1 minute\" \/>\n<script type=\"application\/ld+json\" class=\"yoast-schema-graph\">{\"@context\":\"https:\/\/schema.org\",\"@graph\":[{\"@type\":\"WebPage\",\"@id\":\"https:\/\/www.isfdaycare.org\/fr\/offres-demploi\/\",\"url\":\"https:\/\/www.isfdaycare.org\/fr\/offres-demploi\/\",\"name\":\"Offres d\u2019emploi - ISF International CR\u00c8CHE\",\"isPartOf\":{\"@id\":\"https:\/\/www.isfdaycare.org\/fr\/#website\"},\"datePublished\":\"2019-05-16T22:31:26+00:00\",\"dateModified\":\"2020-10-27T10:14:52+00:00\",\"breadcrumb\":{\"@id\":\"https:\/\/www.isfdaycare.org\/fr\/offres-demploi\/#breadcrumb\"},\"inLanguage\":\"fr-FR\",\"potentialAction\":[{\"@type\":\"ReadAction\",\"target\":[\"https:\/\/www.isfdaycare.org\/fr\/offres-demploi\/\"]}]},{\"@type\":\"BreadcrumbList\",\"@id\":\"https:\/\/www.isfdaycare.org\/fr\/offres-demploi\/#breadcrumb\",\"itemListElement\":[{\"@type\":\"ListItem\",\"position\":1,\"name\":\"Home\",\"item\":\"https:\/\/www.isfdaycare.org\/fr\/\"},{\"@type\":\"ListItem\",\"position\":2,\"name\":\"Offres d\u2019emploi\"}]},{\"@type\":\"WebSite\",\"@id\":\"https:\/\/www.isfdaycare.org\/fr\/#website\",\"url\":\"https:\/\/www.isfdaycare.org\/fr\/\",\"name\":\"ISF International CR\u00c8CHE\",\"description\":\"Grandir, apprendre, briller en Tervuren et Waterloo\",\"publisher\":{\"@id\":\"https:\/\/www.isfdaycare.org\/fr\/#organization\"},\"potentialAction\":[{\"@type\":\"SearchAction\",\"target\":{\"@type\":\"EntryPoint\",\"urlTemplate\":\"https:\/\/www.isfdaycare.org\/fr\/?s={search_term_string}\"},\"query-input\":{\"@type\":\"PropertyValueSpecification\",\"valueRequired\":true,\"valueName\":\"search_term_string\"}}],\"inLanguage\":\"fr-FR\"},{\"@type\":\"Organization\",\"@id\":\"https:\/\/www.isfdaycare.org\/fr\/#organization\",\"name\":\"ISF International DAYCARE\",\"url\":\"https:\/\/www.isfdaycare.org\/fr\/\",\"logo\":{\"@type\":\"ImageObject\",\"inLanguage\":\"fr-FR\",\"@id\":\"https:\/\/www.isfdaycare.org\/fr\/#\/schema\/logo\/image\/\",\"url\":\"https:\/\/www.isfdaycare.org\/wp-content\/uploads\/2019\/06\/cropped-icon-180x180.png\",\"contentUrl\":\"https:\/\/www.isfdaycare.org\/wp-content\/uploads\/2019\/06\/cropped-icon-180x180.png\",\"width\":180,\"height\":180,\"caption\":\"ISF International DAYCARE\"},\"image\":{\"@id\":\"https:\/\/www.isfdaycare.org\/fr\/#\/schema\/logo\/image\/\"},\"sameAs\":[\"https:\/\/www.facebook.com\/isfinternationaldaycare\/\"]}]}<\/script>\n<!-- \/ Yoast SEO plugin. -->","yoast_head_json":{"title":"Offres d\u2019emploi - ISF International CR\u00c8CHE","robots":{"index":"index","follow":"follow","max-snippet":"max-snippet:-1","max-image-preview":"max-image-preview:large","max-video-preview":"max-video-preview:-1"},"canonical":"https:\/\/www.isfdaycare.org\/fr\/offres-demploi\/","og_locale":"fr_FR","og_type":"article","og_title":"Offres d\u2019emploi - ISF International CR\u00c8CHE","og_description":"[vc_row][vc_column][vc_column_text] ISF International Crech\u00e8 recrute \u00e0 Waterloo et \u00e0 Tervuren Waterloo: Personnel de garderie rempla\u00e7ant suppl\u00e9mentaire Tervuren: Personnel de garderie...","og_url":"https:\/\/www.isfdaycare.org\/fr\/offres-demploi\/","og_site_name":"ISF International CR\u00c8CHE","article_publisher":"https:\/\/www.facebook.com\/isfinternationaldaycare\/","article_modified_time":"2020-10-27T10:14:52+00:00","twitter_card":"summary_large_image","twitter_misc":{"Dur\u00e9e de lecture estim\u00e9e":"1 minute"},"schema":{"@context":"https:\/\/schema.org","@graph":[{"@type":"WebPage","@id":"https:\/\/www.isfdaycare.org\/fr\/offres-demploi\/","url":"https:\/\/www.isfdaycare.org\/fr\/offres-demploi\/","name":"Offres d\u2019emploi - ISF International CR\u00c8CHE","isPartOf":{"@id":"https:\/\/www.isfdaycare.org\/fr\/#website"},"datePublished":"2019-05-16T22:31:26+00:00","dateModified":"2020-10-27T10:14:52+00:00","breadcrumb":{"@id":"https:\/\/www.isfdaycare.org\/fr\/offres-demploi\/#breadcrumb"},"inLanguage":"fr-FR","potentialAction":[{"@type":"ReadAction","target":["https:\/\/www.isfdaycare.org\/fr\/offres-demploi\/"]}]},{"@type":"BreadcrumbList","@id":"https:\/\/www.isfdaycare.org\/fr\/offres-demploi\/#breadcrumb","itemListElement":[{"@type":"ListItem","position":1,"name":"Home","item":"https:\/\/www.isfdaycare.org\/fr\/"},{"@type":"ListItem","position":2,"name":"Offres d\u2019emploi"}]},{"@type":"WebSite","@id":"https:\/\/www.isfdaycare.org\/fr\/#website","url":"https:\/\/www.isfdaycare.org\/fr\/","name":"ISF International CR\u00c8CHE","description":"Grandir, apprendre, briller en Tervuren et Waterloo","publisher":{"@id":"https:\/\/www.isfdaycare.org\/fr\/#organization"},"potentialAction":[{"@type":"SearchAction","target":{"@type":"EntryPoint","urlTemplate":"https:\/\/www.isfdaycare.org\/fr\/?s={search_term_string}"},"query-input":{"@type":"PropertyValueSpecification","valueRequired":true,"valueName":"search_term_string"}}],"inLanguage":"fr-FR"},{"@type":"Organization","@id":"https:\/\/www.isfdaycare.org\/fr\/#organization","name":"ISF International DAYCARE","url":"https:\/\/www.isfdaycare.org\/fr\/","logo":{"@type":"ImageObject","inLanguage":"fr-FR","@id":"https:\/\/www.isfdaycare.org\/fr\/#\/schema\/logo\/image\/","url":"https:\/\/www.isfdaycare.org\/wp-content\/uploads\/2019\/06\/cropped-icon-180x180.png","contentUrl":"https:\/\/www.isfdaycare.org\/wp-content\/uploads\/2019\/06\/cropped-icon-180x180.png","width":180,"height":180,"caption":"ISF International DAYCARE"},"image":{"@id":"https:\/\/www.isfdaycare.org\/fr\/#\/schema\/logo\/image\/"},"sameAs":["https:\/\/www.facebook.com\/isfinternationaldaycare\/"]}]}},"_links":{"self":[{"href":"https:\/\/www.isfdaycare.org\/fr\/wp-json\/wp\/v2\/pages\/672","targetHints":{"allow":["GET"]}}],"collection":[{"href":"https:\/\/www.isfdaycare.org\/fr\/wp-json\/wp\/v2\/pages"}],"about":[{"href":"https:\/\/www.isfdaycare.org\/fr\/wp-json\/wp\/v2\/types\/page"}],"author":[{"embeddable":true,"href":"https:\/\/www.isfdaycare.org\/fr\/wp-json\/wp\/v2\/users\/1"}],"replies":[{"embeddable":true,"href":"https:\/\/www.isfdaycare.org\/fr\/wp-json\/wp\/v2\/comments?post=672"}],"version-history":[{"count":0,"href":"https:\/\/www.isfdaycare.org\/fr\/wp-json\/wp\/v2\/pages\/672\/revisions"}],"wp:attachment":[{"href":"https:\/\/www.isfdaycare.org\/fr\/wp-json\/wp\/v2\/media?parent=672"}],"curies":[{"name":"wp","href":"https:\/\/api.w.org\/{rel}","templated":true}]}}

<p>[vc_row][vc_column][vc_column_text]</p>
<h4 class="wp-block-heading"><span style="font-weight: 400;">ISF International Crechè recrute à Waterloo et à Tervuren</span></h4>
<p><b>Waterloo:</b></p>
<ul>
<li style="font-weight: 400;"><span style="font-weight: 400;">Personnel de garderie remplaçant supplémentaire</span></li>
</ul>
<p><b>Tervuren:</b></p>
<ul>
<li style="font-weight: 400;"><span style="font-weight: 400;">Personnel de garderie à temps partiel et à temps plein et personnel de remplacement supplémentaire</span></li>
</ul>
<p><span style="font-weight: 400;">ISF Crechè est un environnement multilingue, l’anglais est la langue principale, le niveau B2 est requis, le français est un avantage. Expérience privilégiée et références indispensables.</span></p>
<p><span style="font-weight: 400;">Si vous êtes intéressé, veuillez envoyer votre CV et votre lettre de motivation à l’adresse suivante:</span></p>
<p><b>ISF Waterloo:  <a href="mailto:ISFWaterloo@isfdaycare.org">ISFWaterloo@isfdaycare.org</a></b></p>
<p><b>ISF Tervuren: <a href="mailto:s.szonyi@isfdaycare.org" target="_blank" rel="noopener noreferrer">s.szonyi@isfdaycare.org</a></b></p>
<p>[/vc_column_text][/vc_column][/vc_row]</p>

<p>[vc_row][vc_column][vc_column_text] ISF International Crechè recrute à Waterloo et à Tervuren Waterloo: Personnel de garderie remplaçant supplémentaire Tervuren: Personnel de garderie&#8230;</p>

<!-- This site is optimized with the Yoast SEO plugin v26.5 - https://yoast.com/wordpress/plugins/seo/ -->
<title>Offres d’emploi - ISF International CRÈCHE</title>
<meta name="robots" content="index, follow, max-snippet:-1, max-image-preview:large, max-video-preview:-1" />
<link rel="canonical" href="https://www.isfdaycare.org/fr/offres-demploi/" />
<meta property="og:locale" content="fr_FR" />
<meta property="og:type" content="article" />
<meta property="og:title" content="Offres d’emploi - ISF International CRÈCHE" />
<meta property="og:description" content="[vc_row][vc_column][vc_column_text] ISF International Crechè recrute à Waterloo et à Tervuren Waterloo: Personnel de garderie remplaçant supplémentaire Tervuren: Personnel de garderie..." />
<meta property="og:url" content="https://www.isfdaycare.org/fr/offres-demploi/" />
<meta property="og:site_name" content="ISF International CRÈCHE" />
<meta property="article:publisher" content="https://www.facebook.com/isfinternationaldaycare/" />
<meta property="article:modified_time" content="2020-10-27T10:14:52+00:00" />
<meta name="twitter:card" content="summary_large_image" />
<meta name="twitter:label1" content="Durée de lecture estimée" />
	<meta name="twitter:data1" content="1 minute" />
<script type="application/ld+json" class="yoast-schema-graph">{"@context":"https://schema.org","@graph":[{"@type":"WebPage","@id":"https://www.isfdaycare.org/fr/offres-demploi/","url":"https://www.isfdaycare.org/fr/offres-demploi/","name":"Offres d’emploi - ISF International CRÈCHE","isPartOf":{"@id":"https://www.isfdaycare.org/fr/#website"},"datePublished":"2019-05-16T22:31:26+00:00","dateModified":"2020-10-27T10:14:52+00:00","breadcrumb":{"@id":"https://www.isfdaycare.org/fr/offres-demploi/#breadcrumb"},"inLanguage":"fr-FR","potentialAction":[{"@type":"ReadAction","target":["https://www.isfdaycare.org/fr/offres-demploi/"]}]},{"@type":"BreadcrumbList","@id":"https://www.isfdaycare.org/fr/offres-demploi/#breadcrumb","itemListElement":[{"@type":"ListItem","position":1,"name":"Home","item":"https://www.isfdaycare.org/fr/"},{"@type":"ListItem","position":2,"name":"Offres d’emploi"}]},{"@type":"WebSite","@id":"https://www.isfdaycare.org/fr/#website","url":"https://www.isfdaycare.org/fr/","name":"ISF International CRÈCHE","description":"Grandir, apprendre, briller en Tervuren et Waterloo","publisher":{"@id":"https://www.isfdaycare.org/fr/#organization"},"potentialAction":[{"@type":"SearchAction","target":{"@type":"EntryPoint","urlTemplate":"https://www.isfdaycare.org/fr/?s={search_term_string}"},"query-input":{"@type":"PropertyValueSpecification","valueRequired":true,"valueName":"search_term_string"}}],"inLanguage":"fr-FR"},{"@type":"Organization","@id":"https://www.isfdaycare.org/fr/#organization","name":"ISF International DAYCARE","url":"https://www.isfdaycare.org/fr/","logo":{"@type":"ImageObject","inLanguage":"fr-FR","@id":"https://www.isfdaycare.org/fr/#/schema/logo/image/","url":"https://www.isfdaycare.org/wp-content/uploads/2019/06/cropped-icon-180x180.png","contentUrl":"https://www.isfdaycare.org/wp-content/uploads/2019/06/cropped-icon-180x180.png","width":180,"height":180,"caption":"ISF International DAYCARE"},"image":{"@id":"https://www.isfdaycare.org/fr/#/schema/logo/image/"},"sameAs":["https://www.facebook.com/isfinternationaldaycare/"]}]}</script>
<!-- / Yoast SEO plugin. -->

Offres d’emploi - ISF International CRÈCHE

[vc_row][vc_column][vc_column_text] ISF International Crechè recrute à Waterloo et à Tervuren Waterloo: Personnel de garderie remplaçant supplémentaire Tervuren: Personnel de garderie...

ISF International CRÈCHE
