{"id":223,"date":"2019-05-19T23:14:40","date_gmt":"2019-05-19T22:14:40","guid":{"rendered":"https:\/\/www.isfdaycare.org\/isfwaterloo\/staff\/"},"modified":"2019-07-06T19:49:49","modified_gmt":"2019-07-06T18:49:49","slug":"personnel","status":"publish","type":"page","link":"https:\/\/www.isfdaycare.org\/isfwaterloo\/fr\/personnel\/","title":{"rendered":"Personnel"},"content":{"rendered":"<p>[vc_row][vc_column][vc_column_text][\/vc_column_text]<div class=\"sc-team row inline-row sc-team-style-rounded\">\n<div class=\"col-md-4 col-sm-4 col-xs-6 inline-column\"> <div id=\"post-280\" class=\"team-person post-280 scalia_team_person type-scalia_team_person status-publish has-post-thumbnail hentry\"> <div class=\"team-person-image\"><img decoding=\"async\" src=\"https:\/\/www.isfdaycare.org\/isfwaterloo\/wp-content\/uploads\/sites\/2\/2019\/05\/Jillx500-scalia-person.jpg\" alt=\"\" class=\"img-circle img-responsive\" ><\/div> <div class=\"team-person-info\"> <div class=\"team-person-name\">Jill<\/div> <div class=\"team-person-description\"><p><span style=\"font-weight: 400;\">Bonjour, je suis Jill. J\u2019ai toujours v\u00e9cu en Belgique!<br \/>\nJ\u2019aime travailler avec les enfants ; chaque jour est un nouveau jour pour jouer, inspirer, \u00eatre cr\u00e9atif et s\u2019amuser!<br \/>\nJe suis tr\u00e8s heureuse de travailler pour ISF et de participer \u00e0 l\u2019\u00e9ducation de tous nos merveilleux enfants!<\/span><\/p>\n<\/div> <\/div> <\/div>\n<\/div> <div class=\"col-md-4 col-sm-4 col-xs-6 inline-column\"> <div id=\"post-285\" class=\"team-person post-285 scalia_team_person type-scalia_team_person status-publish has-post-thumbnail hentry\"> <div class=\"team-person-image\"><img decoding=\"async\" src=\"https:\/\/www.isfdaycare.org\/isfwaterloo\/wp-content\/uploads\/sites\/2\/2019\/05\/erikax498-scalia-person.jpg\" alt=\"\" class=\"img-circle img-responsive\" ><\/div> <div class=\"team-person-info\"> <div class=\"team-person-name\">Erika<\/div> <div class=\"team-person-description\"><p><span style=\"font-weight: 400;\">Je suis n\u00e9e en Hongrie et ai d\u00e9m\u00e9nag\u00e9 en Belgique en 2013. J\u2019ai obtenu mon dipl\u00f4me universitaire et un dipl\u00f4me en p\u00e9dagogie de l\u2019enseignement primaire et pr\u00e9scolaire. En 2017, je suis devenue membre de la communaut\u00e9 ISF. J\u2019adore \u00eatre ici, car j\u2019ai la passion d\u2019enseigner et de travailler avec les enfants.<br \/>\nJ\u2019aime passer mon temps libre avec des amis et des animaux.<br \/>\n<\/span><\/p>\n<\/div> <\/div> <\/div>\n<\/div>\n<\/div>[\/vc_column][\/vc_row]<\/p>\n","protected":false},"excerpt":{"rendered":"<p>[vc_row][vc_column][vc_column_text][\/vc_column_text][\/vc_column][\/vc_row]<\/p>\n","protected":false},"author":1,"featured_media":0,"parent":0,"menu_order":0,"comment_status":"closed","ping_status":"closed","template":"","meta":{"footnotes":""},"class_list":["post-223","page","type-page","status-publish","hentry"],"yoast_head":"<!-- This site is optimized with the Yoast SEO plugin v26.5 - https:\/\/yoast.com\/wordpress\/plugins\/seo\/ -->\n<title>Personnel - ISF Cr\u00e8che Waterloo<\/title>\n<meta name=\"robots\" content=\"index, follow, max-snippet:-1, max-image-preview:large, max-video-preview:-1\" \/>\n<link rel=\"canonical\" href=\"https:\/\/www.isfdaycare.org\/isfwaterloo\/fr\/personnel\/\" \/>\n<meta property=\"og:locale\" content=\"fr_FR\" \/>\n<meta property=\"og:type\" content=\"article\" \/>\n<meta property=\"og:title\" content=\"Personnel - ISF Cr\u00e8che Waterloo\" \/>\n<meta property=\"og:description\" content=\"[vc_row][vc_column][vc_column_text][\/vc_column_text][\/vc_column][\/vc_row]\" \/>\n<meta property=\"og:url\" content=\"https:\/\/www.isfdaycare.org\/isfwaterloo\/fr\/personnel\/\" \/>\n<meta property=\"og:site_name\" content=\"ISF Cr\u00e8che Waterloo\" \/>\n<meta property=\"article:publisher\" content=\"https:\/\/www.facebook.com\/isfinternationaldaycare\/\" \/>\n<meta property=\"article:modified_time\" content=\"2019-07-06T18:49:49+00:00\" \/>\n<meta name=\"twitter:card\" content=\"summary_large_image\" \/>\n<script type=\"application\/ld+json\" class=\"yoast-schema-graph\">{\"@context\":\"https:\/\/schema.org\",\"@graph\":[{\"@type\":\"WebPage\",\"@id\":\"https:\/\/www.isfdaycare.org\/isfwaterloo\/fr\/personnel\/\",\"url\":\"https:\/\/www.isfdaycare.org\/isfwaterloo\/fr\/personnel\/\",\"name\":\"Personnel - ISF Cr\u00e8che Waterloo\",\"isPartOf\":{\"@id\":\"https:\/\/www.isfdaycare.org\/isfwaterloo\/fr\/#website\"},\"datePublished\":\"2019-05-19T22:14:40+00:00\",\"dateModified\":\"2019-07-06T18:49:49+00:00\",\"breadcrumb\":{\"@id\":\"https:\/\/www.isfdaycare.org\/isfwaterloo\/fr\/personnel\/#breadcrumb\"},\"inLanguage\":\"fr-FR\",\"potentialAction\":[{\"@type\":\"ReadAction\",\"target\":[\"https:\/\/www.isfdaycare.org\/isfwaterloo\/fr\/personnel\/\"]}]},{\"@type\":\"BreadcrumbList\",\"@id\":\"https:\/\/www.isfdaycare.org\/isfwaterloo\/fr\/personnel\/#breadcrumb\",\"itemListElement\":[{\"@type\":\"ListItem\",\"position\":1,\"name\":\"Home\",\"item\":\"https:\/\/www.isfdaycare.org\/isfwaterloo\/fr\/\"},{\"@type\":\"ListItem\",\"position\":2,\"name\":\"Personnel\"}]},{\"@type\":\"WebSite\",\"@id\":\"https:\/\/www.isfdaycare.org\/isfwaterloo\/fr\/#website\",\"url\":\"https:\/\/www.isfdaycare.org\/isfwaterloo\/fr\/\",\"name\":\"ISF Cr\u00e8che Waterloo\",\"description\":\"Grandir, apprendre, briller\",\"publisher\":{\"@id\":\"https:\/\/www.isfdaycare.org\/isfwaterloo\/fr\/#organization\"},\"potentialAction\":[{\"@type\":\"SearchAction\",\"target\":{\"@type\":\"EntryPoint\",\"urlTemplate\":\"https:\/\/www.isfdaycare.org\/isfwaterloo\/fr\/?s={search_term_string}\"},\"query-input\":{\"@type\":\"PropertyValueSpecification\",\"valueRequired\":true,\"valueName\":\"search_term_string\"}}],\"inLanguage\":\"fr-FR\"},{\"@type\":\"Organization\",\"@id\":\"https:\/\/www.isfdaycare.org\/isfwaterloo\/fr\/#organization\",\"name\":\"ISF Cr\u00e8che Waterloo\",\"url\":\"https:\/\/www.isfdaycare.org\/isfwaterloo\/fr\/\",\"logo\":{\"@type\":\"ImageObject\",\"inLanguage\":\"fr-FR\",\"@id\":\"https:\/\/www.isfdaycare.org\/isfwaterloo\/fr\/#\/schema\/logo\/image\/\",\"url\":\"https:\/\/www.isfdaycare.org\/isfwaterloo\/wp-content\/uploads\/sites\/2\/2019\/06\/cropped-icon-300x300.png\",\"contentUrl\":\"https:\/\/www.isfdaycare.org\/isfwaterloo\/wp-content\/uploads\/sites\/2\/2019\/06\/cropped-icon-300x300.png\",\"width\":300,\"height\":302,\"caption\":\"ISF Cr\u00e8che Waterloo\"},\"image\":{\"@id\":\"https:\/\/www.isfdaycare.org\/isfwaterloo\/fr\/#\/schema\/logo\/image\/\"},\"sameAs\":[\"https:\/\/www.facebook.com\/isfinternationaldaycare\/\"]}]}<\/script>\n<!-- \/ Yoast SEO plugin. -->","yoast_head_json":{"title":"Personnel - ISF Cr\u00e8che Waterloo","robots":{"index":"index","follow":"follow","max-snippet":"max-snippet:-1","max-image-preview":"max-image-preview:large","max-video-preview":"max-video-preview:-1"},"canonical":"https:\/\/www.isfdaycare.org\/isfwaterloo\/fr\/personnel\/","og_locale":"fr_FR","og_type":"article","og_title":"Personnel - ISF Cr\u00e8che Waterloo","og_description":"[vc_row][vc_column][vc_column_text][\/vc_column_text][\/vc_column][\/vc_row]","og_url":"https:\/\/www.isfdaycare.org\/isfwaterloo\/fr\/personnel\/","og_site_name":"ISF Cr\u00e8che Waterloo","article_publisher":"https:\/\/www.facebook.com\/isfinternationaldaycare\/","article_modified_time":"2019-07-06T18:49:49+00:00","twitter_card":"summary_large_image","schema":{"@context":"https:\/\/schema.org","@graph":[{"@type":"WebPage","@id":"https:\/\/www.isfdaycare.org\/isfwaterloo\/fr\/personnel\/","url":"https:\/\/www.isfdaycare.org\/isfwaterloo\/fr\/personnel\/","name":"Personnel - ISF Cr\u00e8che Waterloo","isPartOf":{"@id":"https:\/\/www.isfdaycare.org\/isfwaterloo\/fr\/#website"},"datePublished":"2019-05-19T22:14:40+00:00","dateModified":"2019-07-06T18:49:49+00:00","breadcrumb":{"@id":"https:\/\/www.isfdaycare.org\/isfwaterloo\/fr\/personnel\/#breadcrumb"},"inLanguage":"fr-FR","potentialAction":[{"@type":"ReadAction","target":["https:\/\/www.isfdaycare.org\/isfwaterloo\/fr\/personnel\/"]}]},{"@type":"BreadcrumbList","@id":"https:\/\/www.isfdaycare.org\/isfwaterloo\/fr\/personnel\/#breadcrumb","itemListElement":[{"@type":"ListItem","position":1,"name":"Home","item":"https:\/\/www.isfdaycare.org\/isfwaterloo\/fr\/"},{"@type":"ListItem","position":2,"name":"Personnel"}]},{"@type":"WebSite","@id":"https:\/\/www.isfdaycare.org\/isfwaterloo\/fr\/#website","url":"https:\/\/www.isfdaycare.org\/isfwaterloo\/fr\/","name":"ISF Cr\u00e8che Waterloo","description":"Grandir, apprendre, briller","publisher":{"@id":"https:\/\/www.isfdaycare.org\/isfwaterloo\/fr\/#organization"},"potentialAction":[{"@type":"SearchAction","target":{"@type":"EntryPoint","urlTemplate":"https:\/\/www.isfdaycare.org\/isfwaterloo\/fr\/?s={search_term_string}"},"query-input":{"@type":"PropertyValueSpecification","valueRequired":true,"valueName":"search_term_string"}}],"inLanguage":"fr-FR"},{"@type":"Organization","@id":"https:\/\/www.isfdaycare.org\/isfwaterloo\/fr\/#organization","name":"ISF Cr\u00e8che Waterloo","url":"https:\/\/www.isfdaycare.org\/isfwaterloo\/fr\/","logo":{"@type":"ImageObject","inLanguage":"fr-FR","@id":"https:\/\/www.isfdaycare.org\/isfwaterloo\/fr\/#\/schema\/logo\/image\/","url":"https:\/\/www.isfdaycare.org\/isfwaterloo\/wp-content\/uploads\/sites\/2\/2019\/06\/cropped-icon-300x300.png","contentUrl":"https:\/\/www.isfdaycare.org\/isfwaterloo\/wp-content\/uploads\/sites\/2\/2019\/06\/cropped-icon-300x300.png","width":300,"height":302,"caption":"ISF Cr\u00e8che Waterloo"},"image":{"@id":"https:\/\/www.isfdaycare.org\/isfwaterloo\/fr\/#\/schema\/logo\/image\/"},"sameAs":["https:\/\/www.facebook.com\/isfinternationaldaycare\/"]}]}},"_links":{"self":[{"href":"https:\/\/www.isfdaycare.org\/isfwaterloo\/fr\/wp-json\/wp\/v2\/pages\/223","targetHints":{"allow":["GET"]}}],"collection":[{"href":"https:\/\/www.isfdaycare.org\/isfwaterloo\/fr\/wp-json\/wp\/v2\/pages"}],"about":[{"href":"https:\/\/www.isfdaycare.org\/isfwaterloo\/fr\/wp-json\/wp\/v2\/types\/page"}],"author":[{"embeddable":true,"href":"https:\/\/www.isfdaycare.org\/isfwaterloo\/fr\/wp-json\/wp\/v2\/users\/1"}],"replies":[{"embeddable":true,"href":"https:\/\/www.isfdaycare.org\/isfwaterloo\/fr\/wp-json\/wp\/v2\/comments?post=223"}],"version-history":[{"count":5,"href":"https:\/\/www.isfdaycare.org\/isfwaterloo\/fr\/wp-json\/wp\/v2\/pages\/223\/revisions"}],"predecessor-version":[{"id":289,"href":"https:\/\/www.isfdaycare.org\/isfwaterloo\/fr\/wp-json\/wp\/v2\/pages\/223\/revisions\/289"}],"wp:attachment":[{"href":"https:\/\/www.isfdaycare.org\/isfwaterloo\/fr\/wp-json\/wp\/v2\/media?parent=223"}],"curies":[{"name":"wp","href":"https:\/\/api.w.org\/{rel}","templated":true}]}}

<p>[vc_row][vc_column][vc_column_text][/vc_column_text]<div class="sc-team row inline-row sc-team-style-rounded">
<div class="col-md-4 col-sm-4 col-xs-6 inline-column"> <div id="post-280" class="team-person post-280 scalia_team_person type-scalia_team_person status-publish has-post-thumbnail hentry"> <div class="team-person-image"><img decoding="async" src="https://www.isfdaycare.org/isfwaterloo/wp-content/uploads/sites/2/2019/05/Jillx500-scalia-person.jpg" alt="" class="img-circle img-responsive" ></div> <div class="team-person-info"> <div class="team-person-name">Jill</div> <div class="team-person-description"><p><span style="font-weight: 400;">Bonjour, je suis Jill. J’ai toujours vécu en Belgique!<br />
J’aime travailler avec les enfants ; chaque jour est un nouveau jour pour jouer, inspirer, être créatif et s’amuser!<br />
Je suis très heureuse de travailler pour ISF et de participer à l’éducation de tous nos merveilleux enfants!</span></p>
</div> </div> </div>
</div> <div class="col-md-4 col-sm-4 col-xs-6 inline-column"> <div id="post-285" class="team-person post-285 scalia_team_person type-scalia_team_person status-publish has-post-thumbnail hentry"> <div class="team-person-image"><img decoding="async" src="https://www.isfdaycare.org/isfwaterloo/wp-content/uploads/sites/2/2019/05/erikax498-scalia-person.jpg" alt="" class="img-circle img-responsive" ></div> <div class="team-person-info"> <div class="team-person-name">Erika</div> <div class="team-person-description"><p><span style="font-weight: 400;">Je suis née en Hongrie et ai déménagé en Belgique en 2013. J’ai obtenu mon diplôme universitaire et un diplôme en pédagogie de l’enseignement primaire et préscolaire. En 2017, je suis devenue membre de la communauté ISF. J’adore être ici, car j’ai la passion d’enseigner et de travailler avec les enfants.<br />
J’aime passer mon temps libre avec des amis et des animaux.<br />
</span></p>
</div> </div> </div>
</div>
</div>[/vc_column][/vc_row]</p>

<!-- This site is optimized with the Yoast SEO plugin v26.5 - https://yoast.com/wordpress/plugins/seo/ -->
<title>Personnel - ISF Crèche Waterloo</title>
<meta name="robots" content="index, follow, max-snippet:-1, max-image-preview:large, max-video-preview:-1" />
<link rel="canonical" href="https://www.isfdaycare.org/isfwaterloo/fr/personnel/" />
<meta property="og:locale" content="fr_FR" />
<meta property="og:type" content="article" />
<meta property="og:title" content="Personnel - ISF Crèche Waterloo" />
<meta property="og:description" content="[vc_row][vc_column][vc_column_text][/vc_column_text][/vc_column][/vc_row]" />
<meta property="og:url" content="https://www.isfdaycare.org/isfwaterloo/fr/personnel/" />
<meta property="og:site_name" content="ISF Crèche Waterloo" />
<meta property="article:publisher" content="https://www.facebook.com/isfinternationaldaycare/" />
<meta property="article:modified_time" content="2019-07-06T18:49:49+00:00" />
<meta name="twitter:card" content="summary_large_image" />
<script type="application/ld+json" class="yoast-schema-graph">{"@context":"https://schema.org","@graph":[{"@type":"WebPage","@id":"https://www.isfdaycare.org/isfwaterloo/fr/personnel/","url":"https://www.isfdaycare.org/isfwaterloo/fr/personnel/","name":"Personnel - ISF Crèche Waterloo","isPartOf":{"@id":"https://www.isfdaycare.org/isfwaterloo/fr/#website"},"datePublished":"2019-05-19T22:14:40+00:00","dateModified":"2019-07-06T18:49:49+00:00","breadcrumb":{"@id":"https://www.isfdaycare.org/isfwaterloo/fr/personnel/#breadcrumb"},"inLanguage":"fr-FR","potentialAction":[{"@type":"ReadAction","target":["https://www.isfdaycare.org/isfwaterloo/fr/personnel/"]}]},{"@type":"BreadcrumbList","@id":"https://www.isfdaycare.org/isfwaterloo/fr/personnel/#breadcrumb","itemListElement":[{"@type":"ListItem","position":1,"name":"Home","item":"https://www.isfdaycare.org/isfwaterloo/fr/"},{"@type":"ListItem","position":2,"name":"Personnel"}]},{"@type":"WebSite","@id":"https://www.isfdaycare.org/isfwaterloo/fr/#website","url":"https://www.isfdaycare.org/isfwaterloo/fr/","name":"ISF Crèche Waterloo","description":"Grandir, apprendre, briller","publisher":{"@id":"https://www.isfdaycare.org/isfwaterloo/fr/#organization"},"potentialAction":[{"@type":"SearchAction","target":{"@type":"EntryPoint","urlTemplate":"https://www.isfdaycare.org/isfwaterloo/fr/?s={search_term_string}"},"query-input":{"@type":"PropertyValueSpecification","valueRequired":true,"valueName":"search_term_string"}}],"inLanguage":"fr-FR"},{"@type":"Organization","@id":"https://www.isfdaycare.org/isfwaterloo/fr/#organization","name":"ISF Crèche Waterloo","url":"https://www.isfdaycare.org/isfwaterloo/fr/","logo":{"@type":"ImageObject","inLanguage":"fr-FR","@id":"https://www.isfdaycare.org/isfwaterloo/fr/#/schema/logo/image/","url":"https://www.isfdaycare.org/isfwaterloo/wp-content/uploads/sites/2/2019/06/cropped-icon-300x300.png","contentUrl":"https://www.isfdaycare.org/isfwaterloo/wp-content/uploads/sites/2/2019/06/cropped-icon-300x300.png","width":300,"height":302,"caption":"ISF Crèche Waterloo"},"image":{"@id":"https://www.isfdaycare.org/isfwaterloo/fr/#/schema/logo/image/"},"sameAs":["https://www.facebook.com/isfinternationaldaycare/"]}]}</script>
<!-- / Yoast SEO plugin. -->

Personnel - ISF Crèche Waterloo

ISF Crèche Waterloo
